7 + -7 - (-3 - (5 + (-4 - -12)))?
9
Calculate 18 + -1 + (137 + -99 - (21 - -25)).
9
Evaluate 8899 + -9000 - (0 - 129).
28
29 - 30 - 81 - -8
-74
What is the value of 49 + (-108 - -5) - -81?
27
Calculate (-61 - 2) + -5 + (-10 - -8) + 19 - -5.
-46
What is (-38 + 73 - -9 - 0) + 91?
135
-8 - ((30 - -1) + (60 - 31))
-68
Evaluate (0 - (0 - (-1 + -1))) + 10 + (8000 - 8038).
-30
Evaluate 3 + 31 + (-6 - (-42 - -36 - (3 - -3))).
40
0 - 8 - (112 + -64 + -99 - -50)
-7
Calculate 7 + 43 + (-10 - 23) + (-1 - (-4 + 5)).
15
Evaluate -13 + 7 + -4 + 4 - (128 + -200).
66
What is -8 + (-10 - (-22 + 16 + -5)) + (76 - 0)?
69
Calculate (-15 - (35 - 22)) + 41.
13
What is the value of 8 + 6 - 13 - (1 - 3 - -15)?
-12
Evaluate -2498 - -2566 - (69 - -4).
-5
Calculate 96 + -38 + -10 + 9.
57
Calculate 21 + (290 + -255 - (12 + 1)).
43
What is the value of -15 + -199 + 243 - (-2 - (2 - 6))?
27
(-1 - -2) + -44 + 0 - (-16319 + 16332)
-56
Evaluate -2 + (0 - (0 - -94)) + 22797 + -22800.
-99
What is 61 + -1 + -2920 + 2856?
-4
What is (-18 - -7) + 15 + -13 + 0 + -2?
-11
Calculate (73 - (-20 - (-24 + -17))) + -39.
13
What is 7 - (-43 - -39) - (-9 - 29)?
49
What is 37 - (-74 + 102 - 36)?
45
Calculate -9 + 55 + -47 + 26.
25
Calculate 1 + (-8 + 35 - (5 - -6) - (1 + -26)).
42
What is the value of 7 - (-45 + (-4 - -19) + -12 + -12)?
61
What is the value of -48 - ((63 - (45 - 19)) + -9)?
-76
What is -10288 + 10276 - (-39 + 1 + 0 + -2)?
28
What is -16 - (-35 + 16) - -7 - (19 + 8)?
-17
What is the value of -14 - (62 + -19 + -21 - 82)?
46
What is 31 - (3 + (8 - 11) + -9 + -2)?
42
What is (1227 - 1232) + -1 + 0 + (-55 - (2 + 2))?
-65
Evaluate -3552 - -3551 - (-39 + (2 - -2 - 2)).
36
Evaluate (-17 - -11 - (-1 + -6)) + 196 + -181.
16
Calculate -37 + (19 - 35) + 39.
-14
What is 2 + -2 + (-24 - -10) + 12 - -60?
58
What is the value of (1 - (-5 - 17)) + -44?
-21
2259 + -2246 + 1 + 0 + -14 - (-20 + -2)
22
Evaluate -36 + -140 - -161 - -23.
8
Evaluate (120 - 8) + (-51 + 12 + 12 - -5).
90
Evaluate -4 + (1 - (-3 - (-3 + 69))) - (38 + -32).
60
Evaluate (-18 - (-12 - -9) - 2) + 63 + -16.
30
Calculate -83 + 6 + 2 + -20 + 6 + -5.
-94
Evaluate 93 - (13 - (-124 + 88)).
44
Calculate -6001 - -6046 - ((-3 - -1) + 12 + -3).
38
Calculate -67 + (1 - -15 - (15 - 3)) - 16.
-79
Calculate 3 - (20 - 46) - 39.
-10
-21 + 13 - ((-29 - 7) + (-1 - -7))
22
What is 48 + 37 - (-81 + 134)?
32
What is (-38 - -7) + (-23 - -16)?
-38
What is the value of 41 - (5 + (10 + -2 - (32 - 26)))?
34
(152 - 102) + 10 + -23 + -9
28
-117 + 17 + (-38 - -60 - 5)
-83
(-13 - (7 + (-12 - -20) - 23)) + (11 - 8)
-2
Calculate (-52 - -78) + (9 - (-2 + 9)) + -2 + 7.
33
What is 31 + -39 - (-26 + -8 + 7 + -1)?
20
What is the value of (-3 - -9) + -2 - (-2 - (-5 + -6))?
-5
Calculate (-2 - -3) + -11 - 0 - (1883 - 1917).
24
Evaluate -115 - (115 + (-115 - 23)).
-92
What is the value of -46 - (16 + -26) - 29?
-65
What is 1 - -6 - (-783 - -842)?
-52
Calculate 12 - (60 - (18 + (-3 - 10))) - (2 + 2).
-47
Evaluate (-10 - -3) + (24 - 98 - -46).
-35
31 - (3 - -4) - (108 - -16)
-100
What is the value of (-13629 - -13681) + 15 + -1 + -2?
64
What is the value of (0 - 0 - 10) + 4 + -84 + 5 - -2?
-83
What is -86 + 118 + -55 + 43?
20
What is the value of (-580 - -532) + 2 + -7?
-53
(8 - (-20 + 41)) + -4 + 31
14
What is the value of 3 + (-105 - (-8 + -5)) - (-43 + 56)?
-102
What is the value of 29 - (-4 + -2 + 1 + 7) - -8?
35
(-34 - -12) + (10 - (-17 - (-5 - -34)))
34
What is the value of (-47 - (-12 + 6 + 2)) + (45 - 59)?
-57
What is 28 + -29 + (13 - (-14 + 7))?
19
What is 9 + 0 + -7 + 0 + -13 + -103 + -5?
-119
(-30 - -53) + -18 + -3 - (-2 - (3 + 97))
104
What is the value of (3 - -1) + (-20 - (-21 + 10 + -13)) + -6?
2
What is the value of 30 + 17 + 21 - (-6 + 2 - (0 - 0))?
72
-443 + 451 + -2 + 54 + 3
63
Evaluate 39 - 2 - (1285 - 1207).
-41
(-12 + 1 - (96 - (129 + -58))) + -16
-52
Evaluate -15 - (-1 + -20 + 19 + -61).
48
Calculate -2 + (-4 - -47) - (32 + -27 + -17).
53
Evaluate (-17 - 37) + -50 + 110.
6
Calculate -10 - ((-2 - (-18 + 7)) + -16).
-3
What is 19643 + -19628 + 0 + (-1 - 22)?
-8
Calculate 26 - (-13 + 12 + -4) - (-11 + 9 + -8).
41
What is the value of -3 + 12 + 368 + -351?
26
Calculate -4136 - -4128 - ((22 - -2) + 0).
-32
141 + -5 - (-2350 + 2382)
104
Evaluate 6 + -1 + -5 + 3336 + -3452.
-116
Calculate -10 + (-5 - -9) + -79 + (-20 - (-2 - 31)).
-72
What is (-4 - -5) + -2 + (1 - 3) - (-199 - -171)?
25
What is (5 - (-12 + -3)) + -24 + 1 + 6 - -9?
12
What is the value of 18 + -54 - (-8 - 71)?
43
What is -16 + (-76 - -39) + 143?
90
Calculate 18 + 15 - (98 + -76) - (-1 - (32 - 0)).
44
What is (-41 - -40) + -29 + 19 + -105 + 3?
-113
(3 - (2 + 10)) + 19605 + -19611
-15
Evaluate -1987 + 1993 - (-2 - (1 + 4 + 14)).
27
-17 + 8 - (4 + -12 + 16) - -118
101
-64 + (6 - 3) - (-2483 - -2447)
-25
-21 + 15 + 31 - (1 + -3 + -3 + -2)
32
What is the value of -8 + -18 + -6 + 29 + -6 + -46 + -2?
-57
Calculate (4 - (-3 - -17 - 1) - (5 - -3)) + -4.
-21
Calculate 0 - -16 - (386 - 277 - (3 + 50)).
-40
What is the value of 2 + (39 - 21) + -27 + 2 - 13?
-18
What is 88 + 21 + -2 + 72 + -109?
70
Calculate 2 + 2 + (22 + -34 + 18 - -2).
12
What is the value of -8 + (-2 + -1 - -8 - 3) - (-79 - 14)?
87
Calculate -206 - -119 - (51 - 40).
-98
What is 92 + -1 - (-547 - -661)?
-23
What is the value of (-57 + -3 - (0 + -11 - -8)) + 4 + 3?
-50
What is -31 - -32 - ((-5 - (-13 + 4)) + 3 - 61)?
55
Calculate 55 + -29 - 58 - 7.
-39
What is -6 - (-57 - -30 - -51)?
-30
What is 7164 + -7245 + (1 - -85)?
5
What is the value of (11 + -11 + -6 - -76) + -14 + (1 - 9)?
48
What is the value of (-8 - 2) + (37 - (25 + -34 + 51)) - -87?
72
Evaluate 0 + -18 - (-2 + 16 - -2).
-34
Evaluate -24 + (-1 + -2 - -3) + (22 - 35).
-37
What is the value of -4 - 1 - (100 - (-40 + 109))?
-36
-45 + (2 - -46) + 92 + 1 + -3
93
What is the value of -7 - (8 + (5 + -2 - (10 - 3) - 18))?
7
What is the value of (-813 - -849) + (-37 - 0)?
-1
What is the value of (-24 - (17 + -24 + 16)) + 15 - -35?
17
Calculate 23 - (8 + -21 + 10 + 8) - 9.
9
(32 - 16) + -44 + 75 + -7
40
What is the value of -1 - (-4 + -2) - (4 + (42 + -20 - -3))?
-24
4 + 0 + 2 + 29 + (-55 - (-146 + 49))
77
Calculate 79 - (-12 + 2 + 4 - 10 - -32).
63
What is the value of -25 + (-3 - 3) + 24 - (-2 - (-2 + 59))?
52
Calculate -24 + 13 + -6 + 1 - (-10 + 50).
-56
What is -23 + -7 + -47 + 59 + -56?
-74
What is 86 - (12 + -38) - 56?
56
What is 35 + -68 + (-60 - -34)?
-59
123 - (-5 + 1 + (148 - 142))
121
Calculate 53 + -2 + 4 + 0 + 34 + 238 + -270.
57
What is 0 - (56 + 6) - ((-19 - 0) + -1 + 10)?
-52
Evaluate (4 - -22 - 17) + -116 - (12 + -4 + -1).
-114
What is the value of 7 + (1 + 60 - (-5 + -15 + 36 + -7))?
59
What is the value of 11 - (-88 + (17 - (-12 - (-14 + 5))))?
79
(9 + -9 + -8 + 8 + -8 - 1) + -15
-24
-82 + 111 + 8 + (8 - 41)
4
7121 + -7106 - (1 - (1 + -73))
-58
30 + -73 + (24 - -98)
79
Evaluate (4 + 0 - (11 + -2)) + (0 - -37).
32
What is 8 + -16 + 7 + -1 + -21 + 19?
-4
What is 14 - (15 + 2 + (-12 - -8) - 25)?
26
What is the value of -2 + (11 + 11 + -8 + -10 - 11) - -54?
45
What is (-88 - 1) + (-11 + (26 - 19 - -5) - -13)?
-75
Evaluate (4 - 13) + 3 + (-9 - 7) + 4.
-18
What is -77 - (27 + 35 + -66 + 45)?
-118
What is -22 + -1 + 0 + 66 + -53 + 17?
7
3 - (2 + -30 - (-15 - (-39 - -15)))
40
What is the value of -44 + 26 - -27 - (0 + 2) - 17?
-10
Calculate (1 - -93) + (-2051 - -1959).
2
Evaluate 144 + -130 - (-1 + 2 + -4 + 5).
12
Calculate 42 + -27 + (-4 - -3).
14
What is (-115 - (10 - 7 - -5)) + (-58 - -26) + 37?
-118
What is the value of (40 - (59 - 12)) + (1 - (0 - 53))?
47
Calculate (-213 - -433) + -236 - (6 + (-2 - 0)).
-20
What is the value of (-19 - (22 + -37)) + 9 + -9 + (5 - 2)?
-1
4 + (8 - 31) - (-58 - 12)
51
What is -9 - (12 - 21 - 2) - -11 - 47?
-34
Calculate (3 - 3) + -4 + -2 + 4 + (-54 - 2).
-58
14 + (20 - (12 - (22 + -57)))
-13
What is -262 + 173 + -54 + 101?
-42
Evaluate -17 + -8 + 3 - -14 - (-1 - (-2 - -11)).
2
Evaluate -17 + 5 + (-186 - -160).
-38
What is 2 + 0 - (-69 + 6) - (-28 - (60 - 85))?
68
What is -3 + (-2 - -2) - 7 - (98 + 4 + -95)?
-17
Evaluate 53 - 4 - (-14 + 31 + (-8 + 0 - -1)).
39
Calculate (3 - (21 - 4)) + (17 - -17) + 10 + 11.
41
What is the value of 446 - 400 - (-3 - -69)?
-20
What is the value of 49 - (42 + (79 - 85))?
13
What is the value of -